4 and 285894.
18
What is the highest common divisor of 701723 and 67397?
11
What is the greatest common factor of 793794081 and 4857?
4857
Calculate the highest common divisor of 8481879 and 606.
303
Calculate the highest common factor of 2343 and 116750199.
213
What is the highest common divisor of 1724476 and 4?
4
Calculate the greatest common factor of 80 and 9091880.
40
What is the greatest common divisor of 343000 and 127512?
56
Calculate the highest common factor of 6272460 and 11430.
90
What is the highest common factor of 10 and 9460930?
10
What is the highest common divisor of 137821335 and 30?
15
Calculate the highest common factor of 17244 and 26182140.
5748
Calculate the greatest common divisor of 148855 and 13650.
35
What is the greatest common divisor of 884740 and 111724?
124
Calculate the highest common divisor of 44 and 484284.
4
What is the highest common factor of 12833 and 385303?
313
What is the greatest common divisor of 363859615 and 280?
35
Calculate the greatest common divisor of 188081 and 3115059.
521
Calculate the highest common factor of 1650099 and 37851.
1023
What is the greatest common factor of 14902470 and 35?
5
Calculate the greatest common factor of 1014120 and 1480.
40
Calculate the greatest common factor of 10620 and 603177768.
2124
Calculate the greatest common divisor of 3046285 and 478016.
1067
What is the greatest common factor of 6603 and 6267099?
213
What is the highest common divisor of 8554675 and 25?
25
Calculate the highest common factor of 116 and 101880538.
58
Calculate the greatest common divisor of 473764753 and 497.
497
What is the highest common factor of 1747 and 27220007?
1747
What is the highest common divisor of 1378 and 262350?
106
What is the greatest common factor of 11085184 and 5888?
128
Calculate the greatest common factor of 28 and 4620476.
28
Calculate the highest common divisor of 637 and 197061683.
637
Calculate the highest common divisor of 528304 and 12720.
848
What is the greatest common factor of 22 and 378572513?
11
Calculate the greatest common factor of 171 and 5284557.
9
What is the highest common divisor of 36429188 and 64?
4
What is the highest common divisor of 1444 and 1063?
1
What is the greatest common factor of 1413 and 900009?
9
What is the highest common factor of 2090 and 59367286?
418
Calculate the greatest common divisor of 1097163375 and 11.
11
Calculate the greatest common divisor of 8240 and 125170.
10
What is the highest common divisor of 3978568 and 528?
88
What is the greatest common factor of 224 and 4017762?
14
Calculate the greatest common divisor of 39585 and 2940.
105
Calculate the highest common divisor of 2519 and 155703283.
229
Calculate the greatest common factor of 488 and 6770024.
488
What is the greatest common divisor of 223228328 and 69652?
6332
Calculate the greatest common divisor of 335 and 18706445.
5
Calculate the greatest common factor of 106176 and 147256.
632
Calculate the greatest common factor of 5098628 and 5706.
634
Calculate the greatest common factor of 1541778 and 679.
7
Calculate the highest common divisor of 36890 and 126310.
170
What is the highest common divisor of 212371294 and 7768?
1942
Calculate the highest common factor of 17950 and 63925.
25
Calculate the highest common divisor of 69 and 306070338.
69
Calculate the greatest common divisor of 3467575 and 595.
85
Calculate the highest common factor of 21092045 and 262145.
7085
What is the highest common divisor of 18174 and 7242?
6
Calculate the highest common divisor of 115487 and 12614.
53
What is the greatest common divisor of 1535946 and 8430?
1686
Calculate the greatest common factor of 20 and 4081875.
5
Calculate the highest common factor of 245245 and 168025.
715
What is the greatest common factor of 27352500 and 24?
12
Calculate the highest common factor of 148 and 12541742.
74
What is the highest common factor of 2160 and 33760305?
45
What is the highest common divisor of 8586 and 381600?
954
What is the greatest common factor of 2184208 and 4168?
8
Calculate the greatest common factor of 1060 and 388998800.
1060
What is the greatest common divisor of 237 and 15348436?
79
What is the highest common factor of 698 and 958354?
698
What is the highest common divisor of 45946644 and 708?
12
What is the highest common divisor of 36 and 50337468?
36
What is the highest common divisor of 92 and 66226154?
46
Calculate the greatest common divisor of 6362339 and 4387.
41
What is the greatest common divisor of 8877 and 30447?
3
What is the highest common factor of 3807585 and 140?
5
What is the greatest common divisor of 1452 and 65019?
3
What is the highest common factor of 35 and 16208745?
35
What is the greatest common divisor of 48 and 5171694?
6
Calculate the highest common factor of 26013 and 143637.
1131
What is the highest common factor of 651022 and 2098847?
1997
Calculate the highest common divisor of 1988122 and 904.
226
What is the highest common factor of 42953046 and 12135?
2427
What is the highest common factor of 39290 and 2230?
10
What is the greatest common factor of 15266499 and 348?
87
Calculate the highest common factor of 756 and 146687324.
28
Calculate the greatest common divisor of 2598 and 60106029.
1299
What is the highest common divisor of 1190160680 and 706?
706
What is the highest common factor of 14672581 and 2737?
119
What is the greatest common factor of 1880 and 244600?
40
Calculate the highest common divisor of 2379044 and 464.
116
Calculate the highest common divisor of 33 and 33592977.
33
Calculate the greatest common divisor of 48172 and 352.
4
What is the greatest common factor of 416 and 931552?
32
What is the highest common factor of 206612 and 33978?
14
What is the highest common divisor of 49 and 368259?
1
Calculate the highest common factor of 30150036 and 19.
19
What is the greatest common factor of 2 and 32223998?
2
What is the highest common factor of 265418 and 94?
2
Calculate the greatest common factor of 7678390 and 6324.
1054
Calculate the greatest common factor of 62839742 and 518.
14
Calculate the greatest common factor of 238567929 and 7167.
7167
What is the greatest common divisor of 135803820 and 8862?
1266
What is the highest common divisor of 6170364 and 2328?
1164
Calculate the greatest common factor of 18142 and 21377066.
386
What is the highest common factor of 12426922 and 2096?
262
What is the highest common factor of 3506 and 4538?
2
Calculate the greatest common factor of 1825 and 172200.
25
What is the greatest common factor of 1971878 and 407?
37
Calculate the highest common factor of 1481 and 175621423.
1481
What is the highest common divisor of 5001120 and 736?
736
What is the highest common divisor of 156 and 30754815?
39
What is the greatest common divisor of 1345719783 and 1691?
1691
Calculate the greatest common factor of 13096 and 5806439.
1637
What is the greatest common divisor of 1565 and 193435565?
1565
Calculate the highest common divisor of 528688 and 448416.
2768
What is the highest common factor of 3520 and 3837944?
88
Calculate the highest common factor of 14472 and 542968.
536
What is the greatest common factor of 67035 and 25576305?
1635
Calculate the highest common factor of 8 and 685354.
2
What is the highest common divisor of 44075525 and 975?
325
Calculate the greatest common factor of 165 and 350993175.
15
What is the highest common factor of 517910 and 133330?
670
What is the highest common factor of 277602717 and 189?
21
Calculate the greatest common divisor of 1331 and 40914577.
121
Calculate the highest common factor of 2387 and 3353952.
217
What is the highest common factor of 1890 and 33808530?
210
What is the greatest common divisor of 6111082 and 1237526?
12758
What is the greatest common divisor of 2328 and 4264896?
2328
Calculate the greatest common factor of 16813765 and 31552.
493
Calculate the highest common divisor of 3837146 and 51798.
178
What is the greatest common divisor of 44316 and 19944?
36
What is the highest common divisor of 38211 and 9165?
141
What is the greatest common factor of 24 and 428724?
12
What is the greatest common divisor of 858 and 319722?
78
What is the highest common divisor of 6270803 and 2849?
77
Calculate the greatest common factor 